
4
Let z = -12 + 5. Let l = z + 7. Let s(p) = -p**2 + p + 45. What is the units digit of s(l)?
5
Suppose -57660 = 291*u - 311*u. What is the thousands digit of u?
2
Let g = 45 - 40. Suppose 5*o - 124 = 5*d - 509, -g*d + 373 = o. What is the tens digit of d?
7
Let h(y) = y**3 + 2*y**2 - 160 - 27*y + 5*y**2 + 158. What is the tens digit of h(-9)?
7
Let m = 52 - -40. Let s = m + -55. What is the tens digit of s?
3
Suppose -4*s + 108 = -0*s. Suppose 2*u + 1 - s = 0. Suppose 310 = u*g - 8*g. What is the units digit of g?
2
Suppose -9*y = -4667 + 950. What is the tens digit of y?
1
Let h = 13 + -7. Suppose h*t - 8*t = -4, -t = -4*o + 434. What is the hundreds digit of o?
1
Let a(j) be the first derivative of j**4/4 + 7*j**3/3 - j**2 - 8*j + 7. Let z be a(-7). Suppose z*i = 70 + 56. What is the units digit of i?
1
Let v(h) = -12 + h**2 + 55 + 6*h - 30. What is the units digit of v(-5)?
8
Let z be 0 + 3 + 0 - -7. Suppose -5*f + z = 3*d - 2*d, -4*f + 4*d + 32 = 0. Suppose -5 - 4 = -f*h. What is the units digit of h?
3
Suppose 2*h + 166 = 2*d, -237 = 5*h - 2*d + 163. Let s = h + 38. What is the tens digit of s/(-3) + (-4)/12?
1
Suppose -2*v - 4*o + 836 = 0, -8*v = -5*v + 2*o - 1242. What is the hundreds digit of v?
4
Let c(s) = -s**2 - 6*s - 5. Let u be c(-3). What is the tens digit of (1 - 6/u)*-114?
5
Suppose 4*z - 4 = -12. Let k be z + 1/2*10. Suppose -k*n = 0, 29 = f - n - 7. What is the tens digit of f?
3
Let z be 2297/(-7) - (-6)/(50 - 8). Let v = z + 485. What is the hundreds digit of v?
1
Suppose -360*w + 6370 = -353*w. What is the hundreds digit of w?
9
Let t = -234 + 348. Suppose 3*r - 2*s = t, 0*r + 39 = r - s. What is the tens digit of r?
3
Suppose -q = 2*m - 1343, -q - 3347 = -10*m + 5*m. What is the hundreds digit of m?
6
Suppose 23 + 22 = -5*c. What is the tens digit of c/(-12) + 269/4?
6
Suppose 2*z - 4*r = -1009 + 8067, -3*r = 4*z - 14171. What is the tens digit of z?
3
Let u be ((-2)/(-5)*446)/((-4)/(-30)). Suppose q + 267 = -7*c + 8*c, -5*c = -2*q - u. What is the hundreds digit of c?
2
Suppose 2*u - 6*u + 960 = 4*b, -5*u = 2*b - 486. Let s = b + -141. What is the units digit of s?
7
Suppose -5*g + 1 - 6 = 0. Let q = -7 - g. What is the tens digit of (-4)/q + 116/6?
2
Let p = -8 + 12. Suppose 0 = -3*f + 6*f + p*z, f = 5*z + 19. Let j = 16 - f. What is the tens digit of j?
1
What is the units digit of -1 + 247 - 0*6/30?
6
Suppose 0 = -451*i + 430*i + 91224. What is the tens digit of i?
4
Let y(d) = 32*d + 42. Let x(s) = -11*s - 14. Let c(h) = 17*x(h) + 6*y(h). What is the tens digit of c(6)?
4
Let h(m) = 171*m - 248. What is the hundreds digit of h(6)?
7
Let h = -693 + 3369. What is the hundreds digit of h?
6
Let a(n) = n + 15. Suppose -45 = 4*o - 9*o. What is the tens digit of a(o)?
2
Suppose 0 = -5*g + 4*d + 3041, 2*g - 1215 = 7*d - 4*d. What is the hundreds digit of g?
6
Let k be ((-6)/10)/((-2)/10). Let s(g) = g**2 - 7*g - 6. Let z be s(-7). Suppose 2*a + 2*a - z = -t, 64 = k*a + 2*t. What is the tens digit of a?
2
Let k(v) = -v**3 + 46*v**2 - 38*v + 178. What is the units digit of k(44)?
8
Let s = -13 + 13. Suppose s = -2*h + 68 - 10. What is the tens digit of h?
2
What is the hundreds digit of 10251/15 + 3/5?
6
Let f be (1 - 4/2) + 1. Suppose f = -2*n + n + 1. What is the units digit of (56/70)/(n/5)?
4
Let y be (-2)/((-24)/2295) - 14/56. Suppose 292 + 112 = 4*k. Suppose -3*n - k = -2*r - 21, -3*n - y = -5*r. What is the tens digit of r?
3
Let v(c) = 1199*c + 8. What is the tens digit of v(1)?
0
Let o be -1*1*0/(-2). Let g = 2 + o. Suppose 21 = g*q - q. What is the units digit of q?
1
Let n = -115 - -118. What is the units digit of n?
3
Let p = -590 + 941. What is the units digit of p?
1
Let w be 2/((-7)/(-3)*-1 - -3). Suppose -3*k + 0*r + 123 = w*r, k = 3*r + 45. What is the units digit of k?
2
Let u(o) = o**3 + 10*o**2 + 2*o + 21. What is the hundreds digit of u(-4)?
1
Let q(f) = -6*f - 15. Let p be q(-6). Let v be 3/(-9) - (-70)/p. Suppose 0 = 3*j + 9, v*n - 7*n - j + 269 = 0. What is the tens digit of n?
6
What is the units digit of (-7)/(3 + 121/(-40))?
0
Let k(b) = -b**3 + 10*b**2 + 6*b - 9. Let u(o) = -5*o**3 + 41*o**2 + 23*o - 37. Let i = 9 + -18. Let c(a) = i*k(a) + 2*u(a). What is the tens digit of c(-7)?
1
Suppose f - 12*f = -7128. What is the tens digit of f?
4
Let l(t) = t**2 - 5*t + 1. Let h be l(5). Let i(b) = 19*b**3 - b**2 - b + 2. Let a be i(h). Suppose -a - 38 = -m. What is the units digit of m?
7
Suppose 9*u - 7*u - 280 = -2*z, -4*z + 421 = 3*u. What is the hundreds digit of u?
1
Let y be 4 - 2*(-3)/((-12)/(-746)). Let g = y + -201. What is the tens digit of g?
7
Let p(t) = t - 38. Let o be p(0). Let v = -25 - o. Let g = 42 - v. What is the units digit of g?
9
Let k(c) = -c**2 + 8*c - 22. Let f be k(9). Let o = f - -58. What is the units digit of o?
7
Suppose 2 - 11 = i. Let f = 16 + i. Suppose -c + 9 = -f. What is the units digit of c?
6
Suppose 0 = -6*y + 49 + 5. Let x be 27/(y/(-120)*-4). Suppose -3*n + x = -60. What is the tens digit of n?
5
Suppose 897 - 261 = 4*l. What is the hundreds digit of l?
1
Suppose 0 = -8*y - 14 - 2. What is the units digit of y*38/4*(2 + -6)?
6
What is the thousands digit of (-15)/9*(-53346)/85?
1
Let o(i) = 3*i + 2*i**2 - 2*i**2 - i**2 + 2*i. Let p be o(4). Suppose -p*l + 4 = 0, -4*l + l - 72 = -g. What is the tens digit of g?
7
Let x(f) = 175*f**3 + 2*f**2 + f - 4. What is the thousands digit of x(2)?
1
Suppose 0 = 5*r + 2*u - 1670, -5*r + 1344 + 326 = -4*u. What is the units digit of r?
4
Suppose 5*x - 3*j - 6 = 4, -6 = -3*x - 4*j. Suppose x*h = 3*h - 52. What is the units digit of h?
2
Let g(t) = 136*t**3 + 2*t**2 + 2*t - 4. What is the hundreds digit of g(2)?
0
Let k(h) = 2*h**2 + 7*h + 15. Let x be k(13). Suppose 5*r - x = -2*g, -4 = 2*r - 8. What is the hundreds digit of g?
2
Let w be ((-238)/(-10) - -5)/((-1)/(-5)). What is the units digit of (-5)/((-50)/w) - (-4)/(-10)?
4
Suppose 2*c + 6 = 14. Suppose c = 4*b - 924. What is the tens digit of b?
3
Let u(c) be the third derivative of -c**4/24 + 7*c**3/6 - 5*c**2. Let h be u(11). What is the units digit of h - (-3 + -15 + 2)?
2
Let d(l) be the second derivative of l**3/6 + 3*l**2/2 - l. Let g be d(-2). Let q = g - -19. What is the units digit of q?
0
Suppose 3*u - 213 = 5*i, 2*i = 7*i - 15. Let w be u + (-1)/((-2)/4). Suppose 0 = -5*m + w - 23. What is the units digit of m?
1
Suppose 4*l = h + 5162, -6*l + 3*h - 6461 = -11*l. What is the tens digit of l?
9
Suppose 2*u + 7 = 13. Suppose u*r = -r + 212. Suppose -4*h + c = -r, 3*h + c = 4*c + 51. What is the tens digit of h?
1
Let b(z) = -z**2 - 42*z - 5. Let y be b(-19). Suppose f + y = 5*f. What is the hundreds digit of f?
1
Suppose 3*c + 388 = -5*o, 2*c - 185 = 4*o + 121. Let f = -48 - o. What is the tens digit of f?
2
Let c = 581 - 1115. Suppose 2*r + 2*o + 29 + 47 = 0, -155 = 5*r - 2*o. What is the units digit of 2/(-11) + c/r?
6
Let f(l) = 0 + l + 2*l**3 + 0*l**3 - 2 - 3*l**2. Let g = -54 + 57. What is the tens digit of f(g)?
2
Let u = -16 - -45. Let z = 1 - u. What is the units digit of (-6)/(-7)*z/(-8)?
3
Let c be 40/16 - (-2)/(-4). Suppose -4*i + 415 + 329 = -c*s, 3*s = 2*i - 376. What is the hundreds digit of i?
1
Let o(v) = 1123*v**2 + v + 3. What is the tens digit of o(1)?
2
Let t be -4*(12/(-30) - (-61)/(-10)). Suppose 21*d = t*d - 555. What is the units digit of d?
1
Suppose -81*j + 85*j + 1972 = 2*z, -5*z + 4894 = 2*j. What is the units digit of z?
0
Suppose 12364 = 19*d - 58411. What is the tens digit of d?
2
Suppose -j = -2*r + 6, 4*j + 0*r - r = 11. Suppose 3*z + 11 = 3*t - 1, -j = -t. Suppose z = m - 47 - 29. What is the tens digit of m?
7
Let g be 7 - 16/((-8)/(-2)). Suppose g*t + 8 = -t. What is the tens digit of 56 + (t - 1)*1?
5
Suppose -2*f - 97 = -2*s + 103, 3*s - 292 = -5*f. What is the units digit of s?
9
Suppose -156 = -4*r - 4*s, 0 = -r - r + 2*s + 62. Suppose 0 = -7*j + 4*j + 12. What is the tens digit of 434/r*10/j?
3
Suppose 2*z = -5*s - 2*z + 3595, -3595 = -5*s - 3*z. What is the units digit of s?
9
Suppose u + 4*a = 383, 5*u - 413 = 3*a + 1456. Let k = u + -220. What is the hundreds digit of k?
1
Let r(f) = 7*f + 11. Suppose 5*d = 27 + 8. Let o be r(d). Suppose -3*m + o = -54. What is the tens digit of m?
3
Suppose 61*n - 1804 = 57*n. Wh